.
5, 7, 47269
List the prime factors of 9241827.
3, 7, 440087
What are the prime factors of 648641?
7, 19, 4877
What are the prime factors of 355588?
2, 88897
List the prime factors of 994796.
2, 11, 23, 983
List the prime factors of 256463.
31, 8273
What are the prime factors of 7262063?
67, 283, 383
List the prime factors of 486331.
486331
What are the prime factors of 11501244?
2, 3, 109, 977
List the prime factors of 212778.
2, 3, 11821
What are the prime factors of 19309?
19309
List the prime factors of 5326423.
17, 137, 2287
List the prime factors of 1220166.
2, 3, 53, 1279
List the prime factors of 528228.
2, 3, 67, 73
What are the prime factors of 3221381?
17, 189493
List the prime factors of 283222.
2, 23, 47, 131
What are the prime factors of 29335591?
17, 113, 15271
List the prime factors of 1144696.
2, 7, 20441
What are the prime factors of 144638?
2, 13, 5563
List the prime factors of 4697280.
2, 3, 5, 7, 233
List the prime factors of 4659.
3, 1553
What are the prime factors of 3812?
2, 953
What are the prime factors of 1588879?
1588879
What are the prime factors of 1263432?
2, 3, 61, 863
List the prime factors of 1350291.
3, 659, 683
What are the prime factors of 7507729?
23, 449, 727
What are the prime factors of 1020762?
2, 3, 6301
What are the prime factors of 180504?
2, 3, 23, 109
List the prime factors of 3368115.
3, 5, 61, 409
What are the prime factors of 720135?
3, 5, 13, 1231
What are the prime factors of 348997?
11, 31727
List the prime factors of 10592521.
10592521
What are the prime factors of 260407?
7, 37201
What are the prime factors of 1559333?
1559333
List the prime factors of 3224665.
5, 644933
List the prime factors of 327819.
3, 23, 4751
What are the prime factors of 11069291?
11069291
What are the prime factors of 4619691?
3, 233, 2203
What are the prime factors of 156594?
2, 3, 26099
List the prime factors of 13553695.
5, 101, 26839
What are the prime factors of 2926340?
2, 5, 146317
List the prime factors of 2214103.
2214103
What are the prime factors of 4074328?
2, 113, 4507
List the prime factors of 1247930.
2, 5, 124793
List the prime factors of 2158338.
2, 3, 7, 13, 59, 67
What are the prime factors of 1118927?
23, 48649
List the prime factors of 1343943.
3, 31, 4817
What are the prime factors of 813570?
2, 3, 5, 47, 577
What are the prime factors of 240474?
2, 3, 13, 3083
What are the prime factors of 68515?
5, 71, 193
What are the prime factors of 19478458?
2, 19, 512591
List the prime factors of 55255.
5, 43, 257
What are the prime factors of 2784728?
2, 587, 593
List the prime factors of 1213681.
7, 17, 31, 47
What are the prime factors of 2157430?
2, 5, 11, 1783
List the prime factors of 1691471.
59, 28669
What are the prime factors of 8084855?
5, 557, 2903
What are the prime factors of 2946209?
7, 31, 13577
List the prime factors of 38374.
2, 7, 2741
What are the prime factors of 278864?
2, 29, 601
What are the prime factors of 431136?
2, 3, 499
What are the prime factors of 346986?
2, 3, 37, 521
What are the prime factors of 7433785?
5, 1486757
What are the prime factors of 1119350?
2, 5, 61, 367
What are the prime factors of 2594270?
2, 5, 7, 37061
List the prime factors of 740543.
131, 5653
What are the prime factors of 2772487?
29, 95603
List the prime factors of 20145036.
2, 3, 1678753
What are the prime factors of 5671?
53, 107
What are the prime factors of 11639378?
2, 5819689
List the prime factors of 1350219.
3, 13, 89, 389
What are the prime factors of 4795048?
2, 59, 10159
What are the prime factors of 1856314?
2, 928157
List the prime factors of 68224.
2, 13, 41
What are the prime factors of 31197505?
5, 6239501
What are the prime factors of 352077?
3, 11, 47, 227
What are the prime factors of 831165?
3, 5, 55411
What are the prime factors of 107976?
2, 3, 11, 409
List the prime factors of 5906883.
3, 23, 85607
What are the prime factors of 199482?
2, 3, 33247
What are the prime factors of 96128?
2, 751
List the prime factors of 295804.
2, 73951
List the prime factors of 176925.
3, 5, 7, 337
List the prime factors of 443327.
19, 23333
List the prime factors of 1613210.
2, 5, 353, 457
List the prime factors of 2345386.
2, 1069, 1097
What are the prime factors of 29383291?
7, 19, 37, 853
List the prime factors of 86714.
2, 191, 227
List the prime factors of 1202612.
2, 41, 7333
List the prime factors of 4078055.
5, 227, 3593
What are the prime factors of 315580?
2, 5, 31, 509
List the prime factors of 246129.
3, 13, 6311
What are the prime factors of 871163?
871163
What are the prime factors of 2231052?
2, 3, 89, 2089
What are the prime factors of 38339487?
3, 473327
What are the prime factors of 7783111?
7, 193, 823
What are the prime factors of 258973?
11, 13, 1811
What are the prime factors of 304008?
2, 3, 53, 239
What are the prime factors of 353829?
3, 7, 29, 83
What are the prime factors of 82654?
2, 11, 13, 17
What are the prime factors of 19045256?
2, 2380657
What are the prime factors of 1454151?
3, 71, 6827
What are the prime factors of 1042001?
1042001
List the prime factors of 492169.
463, 1063
List the prime factors of 11199414.
2, 3, 1866569
List the prime factors of 3291674.
2, 19, 29, 103
List the prime factors of 1463411.
17, 86083
List the prime factors of 178849.
11, 71, 229
What are the prime factors of 7547819?
1609, 4691
What are the prime factors of 224431?
29, 71, 109
What are the prime factors of 61327?
7, 8761
List the prime factors of 614225.
5, 79, 311
List the prime factors of 89271.
3, 7, 13, 109
What are the prime factors of 1023127?
7, 146161
List the prime factors of 378861.
3, 7, 18041
List the prime factors of 36888.
2, 3, 29, 53
What are the prime factors of 1981639?
11, 17, 10597
What are the prime factors of 449698?
2, 37, 59, 103
What are the prime factors of 4316565?
3, 5, 11, 26161
What are the prime factors of 16749228?
2, 3, 163, 8563
What are the prime factors of 1055978?
2, 7, 11, 6857
List the prime factors of 17904.
2, 3, 373
List the prime factors of 16181112.
2, 3, 53, 12721
List the prime factors of 6604751.
6604751
List the prime factors of 338247.
3, 7, 13, 59
List the prime factors of 845030.
2, 5, 84503
What are the prime factors of 32577647?
19, 181, 9473
List the prime factors of 13783707.
3, 7, 137, 1597
What are the prime factors of 123736?
2, 15467
List the prime factors of 106263.
3, 11807
What are the prime factors of 1051245?
3, 5, 13, 599
List the prime factors of 16446489.
3, 5482163
What are the prime factors of 389029?
389029
What are the prime factors of 1432139?
1432139
What are the prime factors of 2082465?
3, 5, 7, 11, 601
List the prime factors of 602550.
2, 3, 5, 13, 103
What are the prime factors of 374453?
41, 9133
List the prime factors of 1561392.
2, 3, 7, 1549
List the prime factors of 384983.
367, 1049
What are the prime factors of 474997?
17, 27941
List the prime factors of 5584154.
2, 31, 90067
What are the prime factors of 834007?
834007
List the prime factors of 1208332.
2, 293, 1031
List the prime factors of 34052360.
2, 5, 17, 50077
What are the prime factors of 8320712?
2, 1040089
List the prime factors of 2259468.
2, 3, 20921
What are the prime factors of 1579670?
2, 5, 47, 3361
List the prime factors of 218709.
3, 19, 1279
What are the prime factors of 933619?
373, 2503
List the prime factors of 440109.
3, 79, 619
List the prime factors of 6726317.
13, 421, 1229
What are the prime factors of 10776183?
3, 11, 251, 1301
What are the prime factors of 1195087?
191, 6257
List the prime factors of 1814435.
5, 7, 47, 1103
What are the prime factors of 108412?
2, 27103
List the prime factors of 4235615.
5, 263, 3221
What are the prime factors of 45858?
2, 3, 7643
List the prime factors of 6444517.
6444517
What are the prime factors of 140162?
2, 11, 23, 277
List the prime factors of 1476916.
2, 7, 52747
List the prime factors of 666759.
3, 59, 3767
What are the prime factors of 349474?
2, 174737
List the prime factors of 6908044.
2, 11, 13, 929
List the prime factors of 135726.
2, 3, 22621
List the prime factors of 438766.
2, 79, 2777
What are the prime factors of 1126457?
1126457
List the prime factors of 18775870.
2, 5, 103, 18229
List the prime factors of 60805.
5, 12161
List the prime factors of 4191